{"id":44,"date":"2018-01-25T20:43:42","date_gmt":"2018-01-25T20:43:42","guid":{"rendered":"http:\/\/daniel-handel.de\/?page_id=44"},"modified":"2018-03-15T09:45:54","modified_gmt":"2018-03-15T09:45:54","slug":"mein-weg-und-die-spd","status":"publish","type":"page","link":"https:\/\/daniel-handel.de\/?page_id=44","title":{"rendered":"Mein Weg und die SPD"},"content":{"rendered":"<p>[et_pb_section bb_built=&#8221;1&#8243; _builder_version=&#8221;3.0.100&#8243; background_image=&#8221;https:\/\/daniel-handel.de\/wp-content\/uploads\/2018\/02\/IMG_3863.jpg&#8221;][et_pb_row _builder_version=&#8221;3.0.100&#8243; background_color=&#8221;rgba(255,255,255,0.7)&#8221;][et_pb_column type=&#8221;4_4&#8243;][et_pb_text admin_label=&#8221;\u00dcber mich&#8221; _builder_version=&#8221;3.0.100&#8243; background_layout=&#8221;light&#8221; custom_padding=&#8221;|50px||50px&#8221;]<\/p>\n<h2><strong>\u00dcber mich<\/strong><\/h2>\n<p>[\/et_pb_text][\/et_pb_column][\/et_pb_row][et_pb_row _builder_version=&#8221;3.0.100&#8243; background_color=&#8221;rgba(255,255,255,0.7)&#8221;][et_pb_column type=&#8221;1_3&#8243;][et_pb_image _builder_version=&#8221;3.0.100&#8243; src=&#8221;https:\/\/daniel-handel.de\/wp-content\/uploads\/2018\/02\/IMG_3238.jpg&#8221; show_in_lightbox=&#8221;off&#8221; url_new_window=&#8221;off&#8221; use_overlay=&#8221;off&#8221; always_center_on_mobile=&#8221;on&#8221; force_fullwidth=&#8221;off&#8221; show_bottom_space=&#8221;on&#8221; custom_padding=&#8221;|||50px&#8221; \/][\/et_pb_column][et_pb_column type=&#8221;2_3&#8243;][et_pb_text _builder_version=&#8221;3.0.100&#8243; background_layout=&#8221;light&#8221; custom_padding=&#8221;|50px||&#8221;]<\/p>\n<p><strong>Think different.<\/strong><\/p>\n<p>An alle, die anders denken: Die Rebellen, die Idealisten, die Vision\u00e4re, die Querdenker, die, die sich in kein Schema pressen lassen, die, die Dinge anders sehen. Wir k\u00f6nnen sie nicht ignorieren, weil sie Dinge ver\u00e4ndern, weil sie die Menschheit weiterbringen.<\/p>\n<p><em>Here\u2019s to those who think differently: The rebels.\u00a0The misfits. The troublemakers.\u00a0The round pegs in the square holes. The ones who see things differently. The only thing you can\u2019t do is ignore them. Because they change things. They push the human race forward.<\/em><\/p>\n<p><em>Peter Economides, TBWA, 1997<\/em><\/p>\n<p>[\/et_pb_text][et_pb_button _builder_version=&#8221;3.0.100&#8243; button_text=&#8221;Weiterlesen&#8221; url_new_window=&#8221;off&#8221; background_layout=&#8221;light&#8221; custom_button=&#8221;off&#8221; button_icon_placement=&#8221;right&#8221; button_url=&#8221;https:\/\/daniel-handel.de\/?page_id=52&#8243; \/][\/et_pb_column][\/et_pb_row][et_pb_row _builder_version=&#8221;3.0.100&#8243; custom_padding=&#8221;0px|0px|0px|0px&#8221;][et_pb_column type=&#8221;4_4&#8243;][et_pb_divider _builder_version=&#8221;3.0.100&#8243; background_color=&#8221;rgba(0,0,0,0.51)&#8221; height=&#8221;1px&#8221; custom_padding=&#8221;0px|0px|0px|0px&#8221; custom_margin=&#8221;0px|0px|0px|0px&#8221; \/][\/et_pb_column][\/et_pb_row][et_pb_row _builder_version=&#8221;3.0.100&#8243; background_color=&#8221;rgba(255,255,255,0.7)&#8221;][et_pb_column type=&#8221;4_4&#8243;][et_pb_text admin_label=&#8221;Politik&#8221; _builder_version=&#8221;3.0.100&#8243; background_layout=&#8221;light&#8221; custom_padding=&#8221;|50px||50px&#8221;]<\/p>\n<h2><strong>Politik<\/strong><\/h2>\n<p>[\/et_pb_text][\/et_pb_column][\/et_pb_row][et_pb_row _builder_version=&#8221;3.0.100&#8243; background_color=&#8221;rgba(255,255,255,0.7)&#8221;][et_pb_column type=&#8221;1_3&#8243;][et_pb_image _builder_version=&#8221;3.0.100&#8243; src=&#8221;https:\/\/daniel-handel.de\/wp-content\/uploads\/2018\/02\/IMG_3310.jpg&#8221; show_in_lightbox=&#8221;off&#8221; url_new_window=&#8221;off&#8221; use_overlay=&#8221;off&#8221; always_center_on_mobile=&#8221;on&#8221; force_fullwidth=&#8221;off&#8221; show_bottom_space=&#8221;on&#8221; custom_padding=&#8221;|||50px&#8221; \/][\/et_pb_column][et_pb_column type=&#8221;2_3&#8243;][et_pb_text _builder_version=&#8221;3.0.100&#8243; background_layout=&#8221;light&#8221; custom_padding=&#8221;|50px||&#8221;]<\/p>\n<p><strong>Think positive.<\/strong><\/p>\n<p>Politik muss nicht nur mehr Demokratie wagen, sondern sich auch wieder auf die B\u00fcrger zubewegen. Sie muss einfacher, ehrlicher werden und zugleich verlorenes Vertrauen zur\u00fcck gewinnen.<\/p>\n<p>Ich bin dankbar f\u00fcr alle, die Nein zu mir gesagt haben. Ihretwegen habe ich es selbst gemacht!<\/p>\n<p><em>I am thankful for all of those who said no to me. Its because of them I&#8217;m doing it myself.<\/em><\/p>\n<p><em>Albert Einstein<\/em><\/p>\n<p>[\/et_pb_text][et_pb_button _builder_version=&#8221;3.0.100&#8243; button_text=&#8221;Weiterlesen&#8221; url_new_window=&#8221;off&#8221; background_layout=&#8221;light&#8221; custom_button=&#8221;off&#8221; button_icon_placement=&#8221;right&#8221; button_url=&#8221;https:\/\/daniel-handel.de\/?page_id=50&#8243; \/][\/et_pb_column][\/et_pb_row][et_pb_row _builder_version=&#8221;3.0.100&#8243; custom_padding=&#8221;0px|0px|0px|0px&#8221;][et_pb_column type=&#8221;4_4&#8243;][et_pb_divider _builder_version=&#8221;3.0.100&#8243; background_color=&#8221;rgba(0,0,0,0.51)&#8221; height=&#8221;1px&#8221; custom_padding=&#8221;0px|0px|0px|0px&#8221; custom_margin=&#8221;0px|0px|0px|0px&#8221; \/][\/et_pb_column][\/et_pb_row][et_pb_row _builder_version=&#8221;3.0.100&#8243; background_color=&#8221;rgba(255,255,255,0.7)&#8221;][et_pb_column type=&#8221;4_4&#8243;][et_pb_text admin_label=&#8221;Funktionen&#8221; _builder_version=&#8221;3.0.100&#8243; background_layout=&#8221;light&#8221; custom_padding=&#8221;|50px||50px&#8221;]<\/p>\n<h2><strong>Funktionen<\/strong><\/h2>\n<p>[\/et_pb_text][\/et_pb_column][\/et_pb_row][et_pb_row _builder_version=&#8221;3.0.100&#8243; background_color=&#8221;rgba(255,255,255,0.7)&#8221;][et_pb_column type=&#8221;1_3&#8243;][et_pb_image _builder_version=&#8221;3.0.100&#8243; src=&#8221;https:\/\/daniel-handel.de\/wp-content\/uploads\/2018\/02\/IMG_3335_2.jpg&#8221; show_in_lightbox=&#8221;off&#8221; url_new_window=&#8221;off&#8221; use_overlay=&#8221;off&#8221; always_center_on_mobile=&#8221;on&#8221; force_fullwidth=&#8221;off&#8221; show_bottom_space=&#8221;on&#8221; custom_padding=&#8221;|||50px&#8221; \/][\/et_pb_column][et_pb_column type=&#8221;2_3&#8243;][et_pb_text _builder_version=&#8221;3.0.100&#8243; background_layout=&#8221;light&#8221; custom_padding=&#8221;|50px||&#8221;]<\/p>\n<p><strong>Think big.<\/strong><\/p>\n<p>Im Walde zwei Wege boten sich mir dar und ich ging den, der weniger betreten war &#8211; und das ver\u00e4nderte mein Leben.<\/p>\n<p><em>Two roads diverged in a wood and I took the one less traveled by &#8211; and that has made all the difference.<\/em><\/p>\n<p><em>Robert Frost, The Road not Taken, 1916<\/em><\/p>\n<p>[\/et_pb_text][et_pb_button _builder_version=&#8221;3.0.100&#8243; button_text=&#8221;Weiterlesen&#8221; url_new_window=&#8221;off&#8221; background_layout=&#8221;light&#8221; custom_button=&#8221;off&#8221; button_icon_placement=&#8221;right&#8221; button_url=&#8221;https:\/\/daniel-handel.de\/?page_id=48&#8243; \/][\/et_pb_column][\/et_pb_row][\/et_pb_section][et_pb_section bb_built=&#8221;1&#8243; fullwidth=&#8221;off&#8221; specialty=&#8221;off&#8221; _builder_version=&#8221;3.0.100&#8243; custom_padding=&#8221;0px|0px|0px|0px&#8221; background_color=&#8221;#000000&#8243; global_module=&#8221;188&#8243;][et_pb_row global_parent=&#8221;188&#8243; _builder_version=&#8221;3.0.100&#8243; module_alignment=&#8221;right&#8221; custom_padding=&#8221;0px|0px|0px|0px&#8221; custom_margin=&#8221;0px|||&#8221; background_color=&#8221;#000000&#8243; make_fullwidth=&#8221;on&#8221; padding_top_1=&#8221;10px&#8221;][et_pb_column type=&#8221;1_4&#8243;][et_pb_text global_parent=&#8221;188&#8243; _builder_version=&#8221;3.0.100&#8243; background_layout=&#8221;light&#8221; custom_padding=&#8221;25px|||&#8221;]<\/p>\n<p>Designed by <a class=\"customize-unpreviewable\" title=\"Premium WordPress Themes\" href=\"http:\/\/www.elegantthemes.com\/\">Elegant Themes<\/a> | Powered by <a class=\"customize-unpreviewable\" href=\"http:\/\/www.wordpress.org\/\">WordPress<\/a><\/p>\n<p>[\/et_pb_text][et_pb_social_media_follow global_parent=&#8221;188&#8243; _builder_version=&#8221;3.0.100&#8243; url_new_window=&#8221;off&#8221; follow_button=&#8221;off&#8221; background_layout=&#8221;light&#8221;][et_pb_social_media_follow_network _builder_version=&#8221;3.0.100&#8243; social_network=&#8221;facebook&#8221; skype_action=&#8221;call&#8221; background_color=&#8221;#3b5998&#8243; use_background_color_gradient=&#8221;off&#8221; background_color_gradient_start=&#8221;#2b87da&#8221; background_color_gradient_end=&#8221;#29c4a9&#8243; background_color_gradient_type=&#8221;linear&#8221; background_color_gradient_direction=&#8221;180deg&#8221; background_color_gradient_direction_radial=&#8221;center&#8221; background_color_gradient_start_position=&#8221;0%&#8221; background_color_gradient_end_position=&#8221;100%&#8221; background_color_gradient_overlays_image=&#8221;off&#8221; parallax=&#8221;off&#8221; parallax_method=&#8221;on&#8221; background_size=&#8221;cover&#8221; background_position=&#8221;center&#8221; background_repeat=&#8221;no-repeat&#8221; background_blend=&#8221;normal&#8221; allow_player_pause=&#8221;off&#8221; background_video_pause_outside_viewport=&#8221;on&#8221; box_shadow_style=&#8221;none&#8221; url=&#8221;https:\/\/www.facebook.com\/eleuterio.s.rodriguez&#8221;]<\/p>\n<p>Facebook<\/p>\n<p>[\/et_pb_social_media_follow_network][et_pb_social_media_follow_network _builder_version=&#8221;3.0.100&#8243; social_network=&#8221;twitter&#8221; skype_action=&#8221;call&#8221; background_color=&#8221;#00aced&#8221; use_background_color_gradient=&#8221;off&#8221; background_color_gradient_start=&#8221;#2b87da&#8221; background_color_gradient_end=&#8221;#29c4a9&#8243; background_color_gradient_type=&#8221;linear&#8221; background_color_gradient_direction=&#8221;180deg&#8221; background_color_gradient_direction_radial=&#8221;center&#8221; background_color_gradient_start_position=&#8221;0%&#8221; background_color_gradient_end_position=&#8221;100%&#8221; background_color_gradient_overlays_image=&#8221;off&#8221; parallax=&#8221;off&#8221; parallax_method=&#8221;on&#8221; background_size=&#8221;cover&#8221; background_position=&#8221;center&#8221; background_repeat=&#8221;no-repeat&#8221; background_blend=&#8221;normal&#8221; allow_player_pause=&#8221;off&#8221; background_video_pause_outside_viewport=&#8221;on&#8221; box_shadow_style=&#8221;none&#8221; url=&#8221;https:\/\/twitter.com\/D_Handel_41460&#8243;]<\/p>\n<p>Twitter<\/p>\n<p>[\/et_pb_social_media_follow_network][et_pb_social_media_follow_network _builder_version=&#8221;3.0.100&#8243; social_network=&#8221;instagram&#8221; skype_action=&#8221;call&#8221; background_color=&#8221;#ea2c59&#8243; use_background_color_gradient=&#8221;off&#8221; background_color_gradient_start=&#8221;#2b87da&#8221; background_color_gradient_end=&#8221;#29c4a9&#8243; background_color_gradient_type=&#8221;linear&#8221; background_color_gradient_direction=&#8221;180deg&#8221; background_color_gradient_direction_radial=&#8221;center&#8221; background_color_gradient_start_position=&#8221;0%&#8221; background_color_gradient_end_position=&#8221;100%&#8221; background_color_gradient_overlays_image=&#8221;off&#8221; parallax=&#8221;off&#8221; parallax_method=&#8221;on&#8221; background_size=&#8221;cover&#8221; background_position=&#8221;center&#8221; background_repeat=&#8221;no-repeat&#8221; background_blend=&#8221;normal&#8221; allow_player_pause=&#8221;off&#8221; background_video_pause_outside_viewport=&#8221;on&#8221; box_shadow_style=&#8221;none&#8221; url=&#8221;https:\/\/www.instagram.com\/danielhandel.41460\/&#8221;]<\/p>\n<p>Instagram<\/p>\n<p>[\/et_pb_social_media_follow_network][et_pb_social_media_follow_network _builder_version=&#8221;3.0.100&#8243; social_network=&#8221;linkedin&#8221; skype_action=&#8221;call&#8221; background_color=&#8221;#007bb6&#8243; use_background_color_gradient=&#8221;off&#8221; background_color_gradient_start=&#8221;#2b87da&#8221; background_color_gradient_end=&#8221;#29c4a9&#8243; background_color_gradient_type=&#8221;linear&#8221; background_color_gradient_direction=&#8221;180deg&#8221; background_color_gradient_direction_radial=&#8221;center&#8221; background_color_gradient_start_position=&#8221;0%&#8221; background_color_gradient_end_position=&#8221;100%&#8221; background_color_gradient_overlays_image=&#8221;off&#8221; parallax=&#8221;off&#8221; parallax_method=&#8221;on&#8221; background_size=&#8221;cover&#8221; background_position=&#8221;center&#8221; background_repeat=&#8221;no-repeat&#8221; background_blend=&#8221;normal&#8221; allow_player_pause=&#8221;off&#8221; background_video_pause_outside_viewport=&#8221;on&#8221; box_shadow_style=&#8221;none&#8221; url=&#8221;https:\/\/www.linkedin.com\/feed\/&#8221;]<\/p>\n<p>LinkedIn<\/p>\n<p>[\/et_pb_social_media_follow_network][\/et_pb_social_media_follow][\/et_pb_column][et_pb_column type=&#8221;3_4&#8243;][et_pb_image global_parent=&#8221;188&#8243; _builder_version=&#8221;3.0.100&#8243; src=&#8221;https:\/\/daniel-handel.de\/wp-content\/uploads\/2018\/02\/skyline_invert.png&#8221; show_in_lightbox=&#8221;off&#8221; url_new_window=&#8221;off&#8221; use_overlay=&#8221;off&#8221; always_center_on_mobile=&#8221;on&#8221; force_fullwidth=&#8221;off&#8221; show_bottom_space=&#8221;on&#8221; align=&#8221;right&#8221; custom_padding=&#8221;10px|||&#8221; \/][\/et_pb_column][\/et_pb_row][\/et_pb_section]<\/p>\n","protected":false},"excerpt":{"rendered":"<p>\u00dcber mich Think different. An alle, die anders denken: Die Rebellen, die Idealisten, die Vision\u00e4re, die Querdenker, die, die sich in kein Schema pressen lassen, die, die Dinge anders sehen. Wir k\u00f6nnen sie nicht ignorieren, weil sie Dinge ver\u00e4ndern, weil sie die Menschheit weiterbringen. Here\u2019s to those who think differently: The rebels.\u00a0The misfits. The troublemakers.\u00a0The [&hellip;]<\/p>\n","protected":false},"author":1,"featured_media":0,"parent":0,"menu_order":0,"comment_status":"closed","ping_status":"closed","template":"","meta":{"_et_pb_use_builder":"on","_et_pb_old_content":"","_et_gb_content_width":"","footnotes":""},"_links":{"self":[{"href":"https:\/\/daniel-handel.de\/index.php?rest_route=\/wp\/v2\/pages\/44"}],"collection":[{"href":"https:\/\/daniel-handel.de\/index.php?rest_route=\/wp\/v2\/pages"}],"about":[{"href":"https:\/\/daniel-handel.de\/index.php?rest_route=\/wp\/v2\/types\/page"}],"author":[{"embeddable":true,"href":"https:\/\/daniel-handel.de\/index.php?rest_route=\/wp\/v2\/users\/1"}],"replies":[{"embeddable":true,"href":"https:\/\/daniel-handel.de\/index.php?rest_route=%2Fwp%2Fv2%2Fcomments&post=44"}],"version-history":[{"count":49,"href":"https:\/\/daniel-handel.de\/index.php?rest_route=\/wp\/v2\/pages\/44\/revisions"}],"predecessor-version":[{"id":367,"href":"https:\/\/daniel-handel.de\/index.php?rest_route=\/wp\/v2\/pages\/44\/revisions\/367"}],"wp:attachment":[{"href":"https:\/\/daniel-handel.de\/index.php?rest_route=%2Fwp%2Fv2%2Fmedia&parent=44"}],"curies":[{"name":"wp","href":"https:\/\/api.w.org\/{rel}","templated":true}]}}